{"id":1871,"date":"2025-12-04T13:36:14","date_gmt":"2025-12-04T12:36:14","guid":{"rendered":"https:\/\/fakepenal.umh.es\/?post_type=articulo&#038;p=1871"},"modified":"2025-12-04T13:36:14","modified_gmt":"2025-12-04T12:36:14","slug":"la-opinion-publica-y-el-crimen-en-la-era-digital-revision-sistematica-sobre-las-redes-sociales-como-contexto-de-reaccion-social-al-delito","status":"publish","type":"articulo","link":"https:\/\/fakepenal.umh.es\/en\/articulo\/la-opinion-publica-y-el-crimen-en-la-era-digital-revision-sistematica-sobre-las-redes-sociales-como-contexto-de-reaccion-social-al-delito\/","title":{"rendered":"<span lang=\"es\">(Espa\u00f1ol) La opini\u00f3n p\u00fablica y el crimen en la era digital: revisi\u00f3n sistem\u00e1tica sobre las redes sociales como contexto de reacci\u00f3n social al delito<\/span>"},"content":{"rendered":"","protected":false},"featured_media":1874,"template":"","meta":{"_et_pb_use_builder":"","_et_pb_old_content":"","_et_gb_content_width":"","_links_to":"","_links_to_target":""},"_links":{"self":[{"href":"https:\/\/fakepenal.umh.es\/en\/wp-json\/wp\/v2\/articulo\/1871"}],"collection":[{"href":"https:\/\/fakepenal.umh.es\/en\/wp-json\/wp\/v2\/articulo"}],"about":[{"href":"https:\/\/fakepenal.umh.es\/en\/wp-json\/wp\/v2\/types\/articulo"}],"wp:featuredmedia":[{"embeddable":true,"href":"https:\/\/fakepenal.umh.es\/en\/wp-json\/wp\/v2\/media\/1874"}],"wp:attachment":[{"href":"https:\/\/fakepenal.umh.es\/en\/wp-json\/wp\/v2\/media?parent=1871"}],"curies":[{"name":"wp","href":"https:\/\/api.w.org\/{rel}","templated":true}]}}

<span lang="es">(Español) La opinión pública y el crimen en la era digital: revisión sistemática sobre las redes sociales como contexto de reacción social al delito</span>
